 be u(0). Let r = -227 - d. Let i(y) = -3*y - 8. Give i(r).
13
Let v(g) = -g**2 - 28*g - 63. Suppose 2096 = -63*w - 79*w - 1596. What is v(w)?
-11
Let a = 37 + -33. Let c(q) be the third derivative of -1/6*q**3 - 5*q**2 + 1/8*q**4 + 0*q + 0 - 1/60*q**5. Determine c(a).
-5
Let d(w) = 10*w**2 + w + 1. Let z be d(-1). Let f(i) = -i**2 - 6*i. Let v(r) = 5*r**2 + 16*r - 14. Let l(c) = 4*f(c) + v(c). What is l(z)?
6
Let b(j) = 2*j**2 + 3*j - 1. Let f be -13 - -17 - (-2)/1*23. Suppose 43*w = f*w + 28. Determine b(w).
19
Let f(s) = -s**3 - 7*s**2 - 9*s - 9. Let z(b) = -5*b - 9. Let h be z(-10). Let q be 0 + 47 - (36 + -36). Let n = h - q. Give f(n).
9
Let b(w) = -2*w + 37. Let p(j) = j - 19. Let c(a) = -4*b(a) - 5*p(a). Give c(14).
-11
Let a(o) = -14*o**2 - 2*o - 1. Let m(q) = q**3 + 13*q**2 + 15*q + 42. Let s be m(-12). Suppose 0 = -59*k + 53*k - s. Give a(k).
-13
Let w(m) be the third derivative of m**5/60 + 5*m**4/12 - 45*m**2. Let y(u) = -2*u**2 + 3*u + 2. Let f be y(3). Give w(f).
-21
Suppose 0 = -7*p + 136 + 74. Suppose 5*u - p = 35*u. Let r(a) be the second derivative of -a**3/2 - a**2/2 - 2*a. Give r(u).
2
Let x(r) = -157*r - 76. Let y(d) = -51*d - 24. Let i(c) = -4*x(c) + 13*y(c). Calculate i(-4).
132
Suppose 9*l + c - 10 = 4*l, -5*c = 0. Let w(b) = -3*b + 0*b**2 - 1 - l*b**2 + 3*b**2. Suppose 359*i + 899*i = 6290. Determine w(i).
9
Let k(x) be the first derivative of x**5/40 + 7*x**4/24 - x**3/3 + 3. Let q(h) be the third derivative of k(h). Suppose -18 = -390*m + 393*m. Calculate q(m).
-11
Let c(i) = -i**2 + 312657472*i - 312657472*i. Let f(x) = -x**2 - 4*x - 2. Let k be f(-2). Suppose -w + k = w. What is c(w)?
-1
Let p(s) = -8*s - 1. Let n(g) = g**2 + 3*g - 7. Let y be n(2). Suppose -y*d = -0*d - 6. Give p(d).
-17
Let u(y) = 4 + 4 + 7*y - 1 - 6*y**2 + 3*y**3 - 5. Let w(l) = 11*l**3 - 18*l**2 + 21*l + 7. Let p(v) = -7*u(v) + 2*w(v). What is p(-7)?
0
Let k(q) = -3*q - 1. Let p(l) be the second derivative of l**3/3 - 7*l**2/2 + 17*l. Let g be p(5). Let v = 5 - g. What is k(v)?
-7
Suppose -8*c + 144 + 504 = 0. Let k(q) = -c - 5*q + q + 82. Let l(g) = -2*g + 22. Let v be l(10). Calculate k(v).
-7
Suppose 34 + 46 = -112*f - 32. Let n(l) = -6*l**2 + 4*l - 1. Calculate n(f).
-11
Let j(f) = -2*f**3 + f - 3. Let m(s) = 5*s + 87. Let t = -635 - -618. Let c be m(t). Calculate j(c).
-17
Suppose 32*h = 28*h + 8. Let v(j) = -3*j + 4*j + 6*j + j**h. Determine v(-5).
-10
Suppose -5*a - 64 = -2*r, a - 89 = 5*r - 249. Suppose 4*q + 4*b - 24 = 0, r - 8 = 5*q + 3*b. Let x(v) = -2*v**2 - 2*v - q*v + v**3 - 1 + 8*v. Calculate x(2).
5
Let l(n) be the third derivative of -n**7/840 + n**6/60 - n**5/24 - n**4/6 - 13*n**3 + 4*n**2 + 3. Let m(k) be the first derivative of l(k). Determine m(4).
8
Let b be 7*3/27 + 6/27. Let c be (-102)/(-136) + 1/4 + b. Let j(s) = -4 + c + 0 + 3 + 3*s. Give j(-2).
-5
Let g(q) = -q**3 - 100*q**2 + 420*q + 413. Let t be g(-104). Let v(x) = -x**3 - 6*x**2 - 5*x. What is v(t)?
-12
Let g(j) = -j**2 - 71*j - 399. Let f be g(-6). Let p(u) = u**2 + 14*u + 33. What is p(f)?
-12
Suppose 0 = 5*z + 5, -z - 2*z + 9 = 4*k. Suppose 0 = -k*c - 15, 15 = 3*y + 2*y - 4*c. Let o(u) be the first derivative of 19*u**2/2 + u + 8. Determine o(y).
-18
Let q(k) = k**3 + 7*k**2 - 19*k - 7. Let u(l) = -3*l**3 - 121*l**2 - 22*l + 711. Let z be u(-40). Determine q(z).
2
Let x(p) = p**3 - 17*p**2 + 37*p + 72. Let t be x(14). Let q(g) be the first derivative of 23 + 5*g - g**t - 1/3*g**3. Give q(-4).
-3
Let j(h) = 2*h**2 + 2*h - 18. Let o = 63 + -67. Let w be j(o). Let p(t) = -t**3 + 7*t**2 - 6*t + 1. Give p(w).
1
Let c be 15/(-10)*(4 - 6). Suppose -10*z - 4*f - 2 = -9*z, -5*f + 8 = c*z. Let y(n) = 4*n - 4. What is y(z)?
20
Let h(z) = -z**2 + 3*z + 1. Let q be 7 + 0 + -3 - -12. Suppose 2*u + 6 = 0, q = 4*r - 0*u + 4*u. Suppose -1 = w - r. Give h(w).
-17
Let i(d) = 4*d**2 - 25*d - 6. Let y(j) = -6*j**2 + 43*j + 13. Let q(k) = 5*i(k) + 3*y(k). Give q(-2).
9
Let g(c) be the third derivative of -1/3*c**4 + 0 + 4/3*c**3 + 0*c - 51*c**2 + 1/60*c**5. Suppose 0 = -5*d + 4*a + 14, 2*d + 3 + 1 = 4*a. What is g(d)?
-4
Let y(w) be the second derivative of -w**5/20 - 5*w**4/12 + 13*w**3/2 + 21*w**2/2 + 3769*w. Determine y(-9).
-6
Let n(i) = i**3 - 9*i**2 - 9*i - 6. Let s be n(10). Suppose -3*a = -17 - s. Let u(v) = 14*v**2 - v + v**3 - 158 + 0*v + 156 - a*v**2. Calculate u(-7).
5
Let o(k) = -9*k**2 + 1. Let v be (-4)/2*9/(-18). Calculate o(v).
-8
Let d(b) = 7*b - 2. Let l(i) = 46*i + 30. Let u(h) = -6*d(h) + l(h). Give u(-5).
22
Suppose 1275 = n + 5*l + 1301, -2*n + l = 8. Let g(w) = w**3 + 7*w**2 - 5*w - 5. Give g(n).
61
Let l(a) = -a**2 + 13*a - 34. Suppose -1422*b + 1448*b - 182 = 0. Give l(b).
8
Let r(n) be the third derivative of n**6/120 + n**5/30 - n**4/6 - n**3/3 - 9*n**2. Suppose 5*q + 0*d - 4*d = -8, 0 = q + 4*d + 16. Calculate r(q).
-18
Let x(s) be the third derivative of -17*s**6/60 - s**5/60 + s**4/24 + s**3/3 + 755*s**2. Give x(-1).
34
Suppose 5*w - 10 = g - 13, -5*g - 4*w - 72 = 0. Let a(h) = -5*h + 26. Calculate a(g).
86
Let b(s) be the first derivative of -s**4/12 + 4*s**3/3 - 7*s**2 + 105*s + 96. Let k(n) be the first derivative of b(n). Calculate k(4).
2
Suppose 45*h + 43*h + 1004 - 124 = 0. Let f(s) = s**2 + 15*s + 35. Give f(h).
-15
Let r be 1/(2/(-3 + 1)). Let o(s) = 2*s**3 - s**2 - s + 1. Let t(k) = 19*k**3 - 6*k**2 - 5*k + 6. Let w(n) = 5*o(n) - t(n). What is w(r)?
9
Suppose -40 = -4*f + 252. Let i = -71 + f. Let r(c) = c - 6*c + c**2 + 2 + 3*c. Determine r(i).
2
Let p = 19 + -15. Suppose -i + 21 = -p*v + 2*i, -4*v - i = 25. Let l(u) = -2*u + 6. Let m(z) = z - 2. Let t(d) = -4*l(d) - 9*m(d). Give t(v).
0
Let i(n) = -1218*n + 13414. Let v be i(11). Let r(y) = y**3 - 17*y**2 + 16*y - 52. Give r(v).
-52
Let l(r) = r**3 + 5*r**2 + 3*r - 3. Let b(i) = -i + 22. Suppose 3*d = 36 - 0. Let z be b(d). Let w be -10*(3 + (-26)/z). What is l(w)?
1
Let h(c) = 4*c**2 + 2*c - 1. Let n be (-5 + (-36)/(-7))*(-1 + 1). What is h(n)?
-1
Let o be 0 - -1 - (-1 - -1 - 5). Suppose 3*t + o = 12. Suppose 4*z + 2*a = 36, a + t*a = 12. Let b(r) = r - 1. What is b(z)?
6
Let z = -13791 + 13794. Let y(i) be the second derivative of -3/2*i**2 + 1/3*i**z + 0 + 32*i. Give y(-4).
-11
Let z be 6/(((-2)/(-8))/((-1)/(-6))). Let g be 18/72 - (-27)/z. Let v(i) = -5*i + 8*i**2 - 5*i**2 + g - 11*i**2 + 0*i - i**3. Calculate v(-7).
-7
Let i(q) = -2*q**2 - 7*q - 2. Let s be i(-4). Let a = 8 + -8. Let j(y) = 2*y**2 + 2*y**2 + 4*y - 3*y**2 - 2 + a*y**2. Calculate j(s).
10
Let f(s) = 2*s**3 - 10*s**2 - 11*s - 3. Let j be 1/((-1106)/(-84) + (-78)/6). Determine f(j).
3
Let z(m) = -4*m + 1. Suppose -17*q - 1 - 84 = 0. Let o be (q - -2)*(-20)/12. What is z(o)?
-19
Let i(f) = -34*f**3 - 26*f**2 - 5. Let z(w) = -57*w**3 - 52*w**2 - 10. Let q(n) = -5*i(n) + 3*z(n). Determine q(-26).
-5
Let r(n) = 72*n - 66. Let o(m) = -59*m + 65. Let v(q) = 5*o(q) + 4*r(q). Determine v(9).
-2
Let g(w) = -w + 11. Let l be g(4). Let a(c) = 30*c - 14*c - 17*c - l. Calculate a(-3).
-4
Let j(k) = -4*k**2 + 6*k + 2. Let m(g) = 3*g**2 - 3*g - 1. Let q(t) = 4*j(t) + 5*m(t). Suppose -2*a + 4 = -y - 5, 2*a + 2*y = 24. Determine q(a).
17
Let l(p) = 17*p - 4*p**2 + 1164 + 2*p**2 - 1156. What is l(9)?
-1
Suppose 4*c - 256 = 4*i, -4*i + 32 + 72 = 2*c. Suppose 0 = -81*u + c*u - 126. Let z(l) = -l - 12. Give z(u).
-6
Let i(y) = 111*y + 16. Let n(p) = 250*p + 34. Let b(j) = 9*i(j) - 4*n(j). Give b(5).
3
Let j = 12 - 15. Let v(x) = -75 - 8*x**2 + x**2 + 47 + 3*x - 7*x**3. Let c(r) = 4*r**3 + 4*r**2 - 2*r + 14. Let i(s) = j*v(s) - 5*c(s). Calculate i(0).
14
Let y = -21545 - -21543. Let b(s) = -3*s**3 - 3*s**2 - 6*s - 8. Calculate b(y).
16
Let u(s) be the second derivative of -s**5/20 - s**4/6 + s**3/3 + s**2/2 + 2397*s. Calculate u(-4).
25
Let w = -106 + 111. Let f(r) = r**2 + 6*r - 15. Let g be f(-8). Let q = g - w. Let s(u) = u**3 + 5*u**2 + 6*u + 1. Calculate s(q).
-7
Let w = -210 - -148. Let c be 1/(w/46 + 8/6). Let i = c + 67. Let l(d) = -2*d + 1. Determine l(i).
5
Let k = -49 + 63. Suppose -28 - k = 6*s. Let a(x) = -x**3 - 8*x**2 - 11*x - 7. What is a(s)?
21
Let n(o) = o**3 - 9*o**2 + 5*o + 6. Let i be 7/(0 + (2 - 3/3)/1). Give n(i).
-57
Let f be ((-90)/(-12))/((-9)/(-12)) + 2. Let s(d) = d - f*d**2 + 41*d**2 - 4*d**2 - 14*d**2. Give 